{"id":188,"date":"2023-04-11T18:22:07","date_gmt":"2023-04-11T17:22:07","guid":{"rendered":"https:\/\/ambrabat.esteri.it\/servizi-consolari-e-visti\/servizi-per-il-cittadino-straniero\/visti\/"},"modified":"2026-04-21T16:16:51","modified_gmt":"2026-04-21T15:16:51","slug":"visti","status":"publish","type":"page","link":"https:\/\/ambrabat.esteri.it\/fr\/servizi-consolari-e-visti\/servizi-per-il-cittadino-straniero\/visti\/","title":{"rendered":"Visas"},"content":{"rendered":"<p><strong>VISAS D\u2019ENTR\u00c9E EN ITALIE<\/strong><\/p>\n<p>Les r\u00e9servations se r\u00e9alisent uniquement en ligne, sur le portail du notre outsourcer VFS : <a href=\"https:\/\/visa.vfsglobal.com\/mar\/fr\/ita\/login\">https:\/\/visa.vfsglobal.com\/mar\/fr\/ita\/login<\/a><\/p>\n<p>Pour toute communication, veuillez noter que la soci\u00e9t\u00e9 de services externes VFS Global est joignable, depuis le Maroc, par t\u00e9l\u00e9phone au <strong>0520 62 62 80<\/strong> ou par <strong>e-mail <\/strong>en remplissant le formulaire disponible au <a href=\"https:\/\/visa.vfsglobal.com\/mar\/en\/ita\/contact-us\">lien<\/a> suivant.<\/p>\n<p>A partir du 11 Janvier 2025, \u00a0l\u2019acquisition des empreintes digitales sera obligatoire aussi pour tous les types de visas nationaux (visas de type D).<\/p>\n<table style=\"font-weight: 400;\">\n<tbody>\n<tr>\n<td><strong>Typologie de visa<\/strong><\/td>\n<td>Euro<\/td>\n<td>Dirham<\/td>\n<\/tr>\n<tr>\n<td>VSU &#8211; Visa Schengen<\/td>\n<td>90,00<\/td>\n<td>973<\/td>\n<\/tr>\n<tr>\n<td>VSU &#8211; Visa Schengen pour les mineurs (6-12 ans)<\/td>\n<td>45,00<\/td>\n<td>486<\/td>\n<\/tr>\n<tr>\n<td>VSU-Visa Schengen pour les mineurs \u00e2g\u00e9s de moins 6 ans<\/td>\n<td>Gratuit<\/td>\n<td>Gratuit<\/td>\n<\/tr>\n<tr>\n<td>Visa d\u2019\u00e9tudes de longue dur\u00e9e (plus de 90 jours)<\/td>\n<td>50,00<\/td>\n<td>540<\/td>\n<\/tr>\n<tr>\n<td>Visa National (type D)<\/td>\n<td>116,00<\/td>\n<td>1254<\/td>\n<\/tr>\n<\/tbody>\n<\/table>\n<p><strong>Veuillez noter que le passeport doit \u00eatre valable au moins 3 mois apr\u00e8s l&rsquo;expiration du visa.<\/strong><\/p>\n<p><strong>\u00a0<\/strong><\/p>\n<p><strong><u>VISAS D\u2019\u00c9TUDES<\/u><\/strong><\/p>\n<p>Veuillez noter qu&rsquo;<strong>\u00e0 partir du 17 juin 2024<\/strong>, tous les rendez-vous pour les visas d&rsquo;\u00e9tudes seront publi\u00e9s et g\u00e9r\u00e9s exclusivement par le centre <strong>VFS de Rabat, pour tous les citoyens r\u00e9sidant au Maroc<\/strong>, m\u00eame dans les cas o\u00f9 les inscriptions universitaires ont d\u00e9j\u00e0 \u00e9t\u00e9 formalis\u00e9es sur le portail Universitaly de Casablanca.<\/p>\n<p>&nbsp;<\/p>\n<p><strong><u>VISAS DE TRAVAIL SUBORDONN\u00c9 (SUI)<\/u><\/strong><\/p>\n<p>Veuillez noter qu<strong>&lsquo;\u00e0 partir du 1er juin 2024<\/strong>, tous les rendez-vous pour les visas de travail subordonn\u00e9 seront publi\u00e9s et g\u00e9r\u00e9s exclusivement par les centres VFS de Casablanca, Beni Mellal et Marrakech, <strong>y compris pour les citoyens r\u00e9sidant dans le district de Rabat. <\/strong><\/p>\n<p>Pour la proc\u00e9dure relative aux visas d&rsquo;\u00e9tudes en Italie, cliquez <a href=\"https:\/\/ambrabat.esteri.it\/fr\/news\/dall_ambasciata\/2022\/05\/studiare-in-italia-informazioni_0-2\/\">ici<\/a>.<\/p>\n<p>Pour la proc\u00e9dure relative aux visas d\u2019accr\u00e9ditation des journalistes, cliquez <a href=\"https:\/\/www.esteri.it\/it\/sala_stampa\/areagiornalisti\/accreditamento\/\">ici<\/a>.<\/p>\n<p>&nbsp;<\/p>\n<p><strong>Veuillez noter qu&rsquo;\u00e0 partir du 11 juin 2024, les visas Schengen co\u00fbteront 90,00 euros et 45,00 euros pour les mineurs.<\/strong><\/p>\n<p><a href=\"https:\/\/ambrabat.esteri.it\/wp-content\/uploads\/2024\/07\/MODELLO-SCHENGEN-BILINGUE-amb-rabat.docx\">Schengen visa<\/a><\/p>\n","protected":false},"excerpt":{"rendered":"VISAS D\u2019ENTR\u00c9E EN ITALIE Les r\u00e9servations se r\u00e9alisent uniquement en ligne, sur le portail du notre outsourcer VFS : https:\/\/visa.vfsglobal.com\/mar\/fr\/ita\/login Pour toute communication, veuillez noter que la soci\u00e9t\u00e9 de services externes VFS Global est joignable, depuis le Maroc, par t\u00e9l\u00e9phone au 0520 62 62 80 ou par e-mail en remplissant le formulaire disponible au lien [&hellip;]","protected":false},"author":1,"featured_media":0,"parent":187,"menu_order":0,"comment_status":"closed","ping_status":"closed","template":"","meta":{"footnotes":""},"class_list":["post-188","page","type-page","status-publish","hentry"],"_links":{"self":[{"href":"https:\/\/ambrabat.esteri.it\/fr\/wp-json\/wp\/v2\/pages\/188","targetHints":{"allow":["GET"]}}],"collection":[{"href":"https:\/\/ambrabat.esteri.it\/fr\/wp-json\/wp\/v2\/pages"}],"about":[{"href":"https:\/\/ambrabat.esteri.it\/fr\/wp-json\/wp\/v2\/types\/page"}],"author":[{"embeddable":true,"href":"https:\/\/ambrabat.esteri.it\/fr\/wp-json\/wp\/v2\/users\/1"}],"replies":[{"embeddable":true,"href":"https:\/\/ambrabat.esteri.it\/fr\/wp-json\/wp\/v2\/comments?post=188"}],"version-history":[{"count":6,"href":"https:\/\/ambrabat.esteri.it\/fr\/wp-json\/wp\/v2\/pages\/188\/revisions"}],"predecessor-version":[{"id":2809,"href":"https:\/\/ambrabat.esteri.it\/fr\/wp-json\/wp\/v2\/pages\/188\/revisions\/2809"}],"up":[{"embeddable":true,"href":"https:\/\/ambrabat.esteri.it\/fr\/wp-json\/wp\/v2\/pages\/187"}],"wp:attachment":[{"href":"https:\/\/ambrabat.esteri.it\/fr\/wp-json\/wp\/v2\/media?parent=188"}],"curies":[{"name":"wp","href":"https:\/\/api.w.org\/{rel}","templated":true}]}}

<p><strong>VISAS D’ENTRÉE EN ITALIE</strong></p>
<p>Les réservations se réalisent uniquement en ligne, sur le portail du notre outsourcer VFS : <a href="https://visa.vfsglobal.com/mar/fr/ita/login">https://visa.vfsglobal.com/mar/fr/ita/login</a></p>
<p>Pour toute communication, veuillez noter que la société de services externes VFS Global est joignable, depuis le Maroc, par téléphone au <strong>0520 62 62 80</strong> ou par <strong>e-mail </strong>en remplissant le formulaire disponible au <a href="https://visa.vfsglobal.com/mar/en/ita/contact-us">lien</a> suivant.</p>
<p>A partir du 11 Janvier 2025,  l’acquisition des empreintes digitales sera obligatoire aussi pour tous les types de visas nationaux (visas de type D).</p>
<table style="font-weight: 400;">
<tbody>
<tr>
<td><strong>Typologie de visa</strong></td>
<td>Euro</td>
<td>Dirham</td>
</tr>
<tr>
<td>VSU &#8211; Visa Schengen</td>
<td>90,00</td>
<td>973</td>
</tr>
<tr>
<td>VSU &#8211; Visa Schengen pour les mineurs (6-12 ans)</td>
<td>45,00</td>
<td>486</td>
</tr>
<tr>
<td>VSU-Visa Schengen pour les mineurs âgés de moins 6 ans</td>
<td>Gratuit</td>
<td>Gratuit</td>
</tr>
<tr>
<td>Visa d’études de longue durée (plus de 90 jours)</td>
<td>50,00</td>
<td>540</td>
</tr>
<tr>
<td>Visa National (type D)</td>
<td>116,00</td>
<td>1254</td>
</tr>
</tbody>
</table>
<p><strong>Veuillez noter que le passeport doit être valable au moins 3 mois après l&rsquo;expiration du visa.</strong></p>
<p><strong> </strong></p>
<p><strong><u>VISAS D’ÉTUDES</u></strong></p>
<p>Veuillez noter qu&rsquo;<strong>à partir du 17 juin 2024</strong>, tous les rendez-vous pour les visas d&rsquo;études seront publiés et gérés exclusivement par le centre <strong>VFS de Rabat, pour tous les citoyens résidant au Maroc</strong>, même dans les cas où les inscriptions universitaires ont déjà été formalisées sur le portail Universitaly de Casablanca.</p>
<p>&nbsp;</p>
<p><strong><u>VISAS DE TRAVAIL SUBORDONNÉ (SUI)</u></strong></p>
<p>Veuillez noter qu<strong>&lsquo;à partir du 1er juin 2024</strong>, tous les rendez-vous pour les visas de travail subordonné seront publiés et gérés exclusivement par les centres VFS de Casablanca, Beni Mellal et Marrakech, <strong>y compris pour les citoyens résidant dans le district de Rabat. </strong></p>
<p>Pour la procédure relative aux visas d&rsquo;études en Italie, cliquez <a href="https://ambrabat.esteri.it/fr/news/dall_ambasciata/2022/05/studiare-in-italia-informazioni_0-2/">ici</a>.</p>
<p>Pour la procédure relative aux visas d’accréditation des journalistes, cliquez <a href="https://www.esteri.it/it/sala_stampa/areagiornalisti/accreditamento/">ici</a>.</p>
<p>&nbsp;</p>
<p><strong>Veuillez noter qu&rsquo;à partir du 11 juin 2024, les visas Schengen coûteront 90,00 euros et 45,00 euros pour les mineurs.</strong></p>
<p><a href="https://ambrabat.esteri.it/wp-content/uploads/2024/07/MODELLO-SCHENGEN-BILINGUE-amb-rabat.docx">Schengen visa</a></p>

VISAS D’ENTRÉE EN ITALIE Les réservations se réalisent uniquement en ligne, sur le portail du notre outsourcer VFS : https://visa.vfsglobal.com/mar/fr/ita/login Pour toute communication, veuillez noter que la société de services externes VFS Global est joignable, depuis le Maroc, par téléphone au 0520 62 62 80 ou par e-mail en remplissant le formulaire disponible au lien [&hellip;]
