{"id":38,"date":"2023-04-11T17:53:01","date_gmt":"2023-04-11T15:53:01","guid":{"rendered":"https:\/\/ambasciatapraga.esteri.it\/?page_id=38"},"modified":"2025-09-23T16:02:04","modified_gmt":"2025-09-23T15:02:04","slug":"lambasciatore","status":"publish","type":"page","link":"https:\/\/ambrabat.esteri.it\/it\/chi-siamo\/lambasciatore\/","title":{"rendered":"L\u2019Ambasciatore"},"content":{"rendered":"<p>Pasquale Salzano<\/p>\n<p>Ambasciatore d&#8217;Italia nel Regno del Marocco<\/p>\n<p style=\"text-align: justify;\"><img loading=\"lazy\" decoding=\"async\" class=\"alignnone wp-image-2530 img-fluid\" src=\"https:\/\/ambrabat.esteri.it\/wp-content\/uploads\/2025\/07\/SALZANO-300x168.jpg\" alt=\"\" width=\"391\" height=\"219\" srcset=\"https:\/\/ambrabat.esteri.it\/wp-content\/uploads\/2025\/07\/SALZANO-300x168.jpg 300w, https:\/\/ambrabat.esteri.it\/wp-content\/uploads\/2025\/07\/SALZANO-1024x575.jpg 1024w, https:\/\/ambrabat.esteri.it\/wp-content\/uploads\/2025\/07\/SALZANO-768x431.jpg 768w, https:\/\/ambrabat.esteri.it\/wp-content\/uploads\/2025\/07\/SALZANO.jpg 1600w\" sizes=\"auto, (max-width: 391px) 100vw, 391px\" \/><\/p>\n<p>Pasquale Salzano \u00e8 Ambasciatore d\u2019Italia nel Regno del Marocco dal luglio 2025.<br \/>\nDiplomatico di carriera, ha maturato un\u2019ampia esperienza nella politica estera, nella diplomazia economica e nelle relazioni internazionali, ricoprendo incarichi di responsabilit\u00e0 in Italia e all\u2019estero, nelle istituzioni pubbliche e nel settore privato.<\/p>\n<p>Entra in carriera diplomatica nel 1999 al Ministero degli Affari Esteri e, dopo un primo incarico a Roma presso la Direzione Generale per l\u2019Integrazione Europea, presta servizio come Chief of Staff della Missione OSCE a Belgrado (2001) e, l\u2019anno successivo, a Pristina per l\u2019apertura dell\u2019Ufficio diplomatico italiano in Kosovo, oggi Ambasciata d\u2019Italia. Successivamente \u00e8 inviato alla Rappresentanza Permanente d\u2019Italia presso le Nazioni Unite a New York, dove segue in particolare i dossier sui Balcani.<\/p>\n<p>Dal 2007 opera presso l\u2019Ufficio del Consigliere diplomatico del Presidente del Consiglio, dove \u00e8 nominato Capo dell\u2019Ufficio Sherpa G8 dell\u2019Aquila presso la Presidenza del Consiglio dei Ministri. Conclusa la Presidenza italiana del G8 del 2009, \u00e8 distaccato al Segretariato dell\u2019OCSE a Parigi come Direttore del \u201cProcesso di Heiligendamm\/L\u2019Aquila\u201d, un dialogo strutturato tra il G8 e le principali economie emergenti dell\u2019epoca, volto a favorire la cooperazione su temi quali innovazione, investimenti, sviluppo ed energia.<\/p>\n<p>Dal 2011 al 2017 \u00e8 in distacco presso il Gruppo Eni, dove assume la responsabilit\u00e0 dei rapporti istituzionali internazionali e guida l\u2019ufficio Eni negli Stati Uniti. Nel 2014 \u00e8 nominato Senior Vice President, entrando a far parte del Comitato di Direzione, e nel 2015 diventa Executive Vice President e Direttore degli Affari Istituzionali nazionali e internazionali.<\/p>\n<p>Rientra poi al Ministero degli Affari Esteri come Ambasciatore d\u2019Italia in Qatar (2017-2019), in un periodo segnato da forti tensioni regionali e dal crescente rilievo strategico del Paese sulla scena internazionale, in cui rafforza la cooperazione politica ed economica bilaterale.<\/p>\n<p>Dal 2019 al 2025 \u00e8 Presidente di SIMEST e Direttore degli Affari europei e internazionali di Cassa Depositi e Prestiti, nonch\u00e9 Presidente della Fondazione CDP (2020-2021). Dal 2024, in qualit\u00e0 di Presidente di SIMEST, \u00e8 stato membro della Cabina di Regia del Piano Mattei presso la Presidenza del Consiglio dei Ministri, organismo di vertice incaricato di guidare la strategia italiana di cooperazione e sviluppo in Africa, fondata su un rapporto paritario e reciprocamente vantaggioso, con un focus su partenariati infrastrutturali, energetici e formativi tra Italia e Paesi africani.<\/p>\n<p>Giurista di formazione, avvocato, si laurea in giurisprudenza all\u2019Universit\u00e0 Federico II di Napoli, consegue un dottorato in diritto internazionale all\u2019Universit\u00e0 di Siena e frequenta corsi di perfezionamento alla Harvard Kennedy School, al Jackson Institute di Yale e all\u2019Oxford Institute for Energy Studies. \u00c8 nominato Young Global Leader dal World Economic Forum (2010) ed \u00e8 stato membro della Giunta di ASSONIME, del Consiglio generale dell\u2019Aspen Institute Italia, del Consiglio di amministrazione dell\u2019European Council on Foreign Relations e di quelli di ISPI e IAI.<\/p>\n<p>Autore di pubblicazioni in materia di energia e geopolitica, ha insegnato Geopolitica del gas alla LUISS Business School di Roma ed \u00e8 Direttore di Programma per i Master dell\u2019area Export della 24ORE Business School.<\/p>\n","protected":false},"excerpt":{"rendered":"Pasquale Salzano Ambasciatore d&#8217;Italia nel Regno del Marocco Pasquale Salzano \u00e8 Ambasciatore d\u2019Italia nel Regno del Marocco dal luglio 2025. Diplomatico di carriera, ha maturato un\u2019ampia esperienza nella politica estera, nella diplomazia economica e nelle relazioni internazionali, ricoprendo incarichi di responsabilit\u00e0 in Italia e all\u2019estero, nelle istituzioni pubbliche e nel settore privato. Entra in carriera [&hellip;]","protected":false},"author":1,"featured_media":0,"parent":13,"menu_order":0,"comment_status":"closed","ping_status":"closed","template":"","meta":{"footnotes":""},"class_list":["post-38","page","type-page","status-publish","hentry"],"_links":{"self":[{"href":"https:\/\/ambrabat.esteri.it\/it\/wp-json\/wp\/v2\/pages\/38","targetHints":{"allow":["GET"]}}],"collection":[{"href":"https:\/\/ambrabat.esteri.it\/it\/wp-json\/wp\/v2\/pages"}],"about":[{"href":"https:\/\/ambrabat.esteri.it\/it\/wp-json\/wp\/v2\/types\/page"}],"author":[{"embeddable":true,"href":"https:\/\/ambrabat.esteri.it\/it\/wp-json\/wp\/v2\/users\/1"}],"replies":[{"embeddable":true,"href":"https:\/\/ambrabat.esteri.it\/it\/wp-json\/wp\/v2\/comments?post=38"}],"version-history":[{"count":5,"href":"https:\/\/ambrabat.esteri.it\/it\/wp-json\/wp\/v2\/pages\/38\/revisions"}],"predecessor-version":[{"id":2775,"href":"https:\/\/ambrabat.esteri.it\/it\/wp-json\/wp\/v2\/pages\/38\/revisions\/2775"}],"up":[{"embeddable":true,"href":"https:\/\/ambrabat.esteri.it\/it\/wp-json\/wp\/v2\/pages\/13"}],"wp:attachment":[{"href":"https:\/\/ambrabat.esteri.it\/it\/wp-json\/wp\/v2\/media?parent=38"}],"curies":[{"name":"wp","href":"https:\/\/api.w.org\/{rel}","templated":true}]}}

<p>Pasquale Salzano</p>
<p>Ambasciatore d&#8217;Italia nel Regno del Marocco</p>
<p style="text-align: justify;"><img loading="lazy" decoding="async" class="alignnone wp-image-2530 img-fluid" src="https://ambrabat.esteri.it/wp-content/uploads/2025/07/SALZANO-300x168.jpg" alt="" width="391" height="219" srcset="https://ambrabat.esteri.it/wp-content/uploads/2025/07/SALZANO-300x168.jpg 300w, https://ambrabat.esteri.it/wp-content/uploads/2025/07/SALZANO-1024x575.jpg 1024w, https://ambrabat.esteri.it/wp-content/uploads/2025/07/SALZANO-768x431.jpg 768w, https://ambrabat.esteri.it/wp-content/uploads/2025/07/SALZANO.jpg 1600w" sizes="auto, (max-width: 391px) 100vw, 391px" /></p>
<p>Pasquale Salzano è Ambasciatore d’Italia nel Regno del Marocco dal luglio 2025.<br />
Diplomatico di carriera, ha maturato un’ampia esperienza nella politica estera, nella diplomazia economica e nelle relazioni internazionali, ricoprendo incarichi di responsabilità in Italia e all’estero, nelle istituzioni pubbliche e nel settore privato.</p>
<p>Entra in carriera diplomatica nel 1999 al Ministero degli Affari Esteri e, dopo un primo incarico a Roma presso la Direzione Generale per l’Integrazione Europea, presta servizio come Chief of Staff della Missione OSCE a Belgrado (2001) e, l’anno successivo, a Pristina per l’apertura dell’Ufficio diplomatico italiano in Kosovo, oggi Ambasciata d’Italia. Successivamente è inviato alla Rappresentanza Permanente d’Italia presso le Nazioni Unite a New York, dove segue in particolare i dossier sui Balcani.</p>
<p>Dal 2007 opera presso l’Ufficio del Consigliere diplomatico del Presidente del Consiglio, dove è nominato Capo dell’Ufficio Sherpa G8 dell’Aquila presso la Presidenza del Consiglio dei Ministri. Conclusa la Presidenza italiana del G8 del 2009, è distaccato al Segretariato dell’OCSE a Parigi come Direttore del “Processo di Heiligendamm/L’Aquila”, un dialogo strutturato tra il G8 e le principali economie emergenti dell’epoca, volto a favorire la cooperazione su temi quali innovazione, investimenti, sviluppo ed energia.</p>
<p>Dal 2011 al 2017 è in distacco presso il Gruppo Eni, dove assume la responsabilità dei rapporti istituzionali internazionali e guida l’ufficio Eni negli Stati Uniti. Nel 2014 è nominato Senior Vice President, entrando a far parte del Comitato di Direzione, e nel 2015 diventa Executive Vice President e Direttore degli Affari Istituzionali nazionali e internazionali.</p>
<p>Rientra poi al Ministero degli Affari Esteri come Ambasciatore d’Italia in Qatar (2017-2019), in un periodo segnato da forti tensioni regionali e dal crescente rilievo strategico del Paese sulla scena internazionale, in cui rafforza la cooperazione politica ed economica bilaterale.</p>
<p>Dal 2019 al 2025 è Presidente di SIMEST e Direttore degli Affari europei e internazionali di Cassa Depositi e Prestiti, nonché Presidente della Fondazione CDP (2020-2021). Dal 2024, in qualità di Presidente di SIMEST, è stato membro della Cabina di Regia del Piano Mattei presso la Presidenza del Consiglio dei Ministri, organismo di vertice incaricato di guidare la strategia italiana di cooperazione e sviluppo in Africa, fondata su un rapporto paritario e reciprocamente vantaggioso, con un focus su partenariati infrastrutturali, energetici e formativi tra Italia e Paesi africani.</p>
<p>Giurista di formazione, avvocato, si laurea in giurisprudenza all’Università Federico II di Napoli, consegue un dottorato in diritto internazionale all’Università di Siena e frequenta corsi di perfezionamento alla Harvard Kennedy School, al Jackson Institute di Yale e all’Oxford Institute for Energy Studies. È nominato Young Global Leader dal World Economic Forum (2010) ed è stato membro della Giunta di ASSONIME, del Consiglio generale dell’Aspen Institute Italia, del Consiglio di amministrazione dell’European Council on Foreign Relations e di quelli di ISPI e IAI.</p>
<p>Autore di pubblicazioni in materia di energia e geopolitica, ha insegnato Geopolitica del gas alla LUISS Business School di Roma ed è Direttore di Programma per i Master dell’area Export della 24ORE Business School.</p>

Pasquale Salzano Ambasciatore d&#8217;Italia nel Regno del Marocco Pasquale Salzano è Ambasciatore d’Italia nel Regno del Marocco dal luglio 2025. Diplomatico di carriera, ha maturato un’ampia esperienza nella politica estera, nella diplomazia economica e nelle relazioni internazionali, ricoprendo incarichi di responsabilità in Italia e all’estero, nelle istituzioni pubbliche e nel settore privato. Entra in carriera [&hellip;]
